. Let f = a + 24. Let u(j) = j**3 - 6*j**2 - 8*j + 10. What is u(f)?
3
Let c(s) = s**2 - 3*s. Let y(u) = u + 1. Let v(x) = c(x) + y(x). Let g be v(2). Let m(p) = p**2 + 1. Determine m(g).
2
Let q be 26/(-8) - 1/(-4). Let a(k) = -15*k**3 - 2*k - 2*k**2 + 23*k**3 + k - 9*k**3 + 3 - 1. Determine a(q).
14
Let z be 3 - 15*(-7)/(-21). Let k(t) = -3*t**2 + 2*t + 2. What is k(z)?
-14
Let b(h) = -h**3 - 23*h**2 - 43*h - 28. Let z be b(-21). Let g(w) = -w**2 - 6*w + 10. Calculate g(z).
3
Let n(c) = 2*c. Let p(j) = -j**2 - 9. Let x(r) = 4*n(r) - p(r). Calculate x(-6).
-3
Let w(l) be the second derivative of l**3/2 + l**2/2 - l. Suppose -5*j + 1 + 24 = 0. Give w(j).
16
Suppose -560*b = -564*b + 68. Let m(w) = -w**3 + 18*w**2 - 16*w - 16. What is m(b)?
1
Let l(t) = -16*t - 14. Let b(n) = -19*n - 14. Let h(q) = -4*b(q) + 5*l(q). Calculate h(-7).
14
Suppose 6 = -q - t, -24 + 7 = 3*q + 2*t. Let w(k) be the third derivative of k**4/12 + 7*k**3/6 - 29*k**2 - 2*k. Determine w(q).
-3
Let o(h) = 4*h - 2*h**3 + 2*h**2 - 9*h + 5*h + 2*h + 2 + 3*h**3. What is o(-2)?
-2
Let r(m) = -m**3 - 5*m**2 - 3*m + 3. Let h be r(-4). Let s be (6 - 2)/((-1)/h). Let j(l) = -l**2 + l + 4. Calculate j(s).
-8
Let j(g) be the third derivative of -5*g**4/24 + 11*g**3/6 - 4*g**2. Let f(l) = -l. Let k(v) = 2*f(v) - j(v). Let q be k(6). Let d(z) = -z + 10. Determine d(q).
3
Let i(r) = 5*r + 11. Let w(b) = 7*b + 14. Let m(t) = 3*i(t) - 2*w(t). Let g be ((-3)/2)/((-3)/(-8)). What is m(g)?
1
Suppose 3*t - 15 = -2*t. Let s(d) = -t*d - 8*d + 4 + d**2 + d. Give s(9).
-5
Let u(f) = -3*f**2 - 22*f + 22. Let d(b) = b**2 + 7*b - 7. Let r = 8 - 15. Let x(h) = r*d(h) - 2*u(h). Give x(-5).
5
Let r be ((-6)/(-1))/3*-1. Suppose -3*i - 2*p = -i + 8, -3*p - 17 = -2*i. Let s(k) = -2*k - i + 3*k + 0*k. Give s(r).
-3
Let v(o) = -2*o**3 + 2*o**2 + 3*o - 2. Let c be 48/27 - (-10)/45. Give v(c).
-4
Let w(q) = -q - 3. Suppose -8*v + 474 + 550 = 0. Suppose 25*f - v = 9*f. Calculate w(f).
-11
Let d(a) be the second derivative of -a**5/30 + 7*a**3/6 - 2*a. Let q(n) be the second derivative of d(n). Suppose 2*b + 1 = 3. Calculate q(b).
-4
Let v(l) = -l - 5. Let s be 0 + 1*(1 - -1). Let z(j) = j**3 - 2*j**2 + 2*j + 1. Let t be z(s). Give v(t).
-10
Let i be 3 + (1 - (-3)/(9/12)). Let d(t) = -4*t**2 - 2*t - i + 5*t**2 + t. What is d(0)?
-8
Suppose 14*b - 16 = 18*b. Let s(c) = -c + 6. What is s(b)?
10
Let v(k) = 3*k**2 - 5*k - 1. Suppose 4*r = 4*a - 6*a - 12, -5*a - 4*r = 0. What is v(a)?
27
Let o(v) = -38*v**2 - v - 8. Let n(i) = -77*i**2 - 2*i - 19. Let t(a) = 3*n(a) - 7*o(a). Calculate t(1).
35
Let r = 47 - 39. Let c(w) = w**3 - 2*w**2 - 8*w + 2. Let q be c(4). Let d(z) = -z**2 + 8 + 3*z + 3*z + q + z. What is d(r)?
2
Let l(h) = -h**3 - 5*h**2 - 28*h + 3. Let o(f) = -f**2 + 1. Let r(u) = l(u) - 3*o(u). Let z(d) be the second derivative of r(d). Give z(-3).
14
Let u(p) = -4*p + 2. Let h(m) = 7*m - 2. Let x(w) = -3*h(w) - 5*u(w). Determine x(-3).
-1
Let b(y) = -y**3 - 4*y**2 + 4*y + 1. Let l = 139 + -144. Give b(l).
6
Suppose -i + 2*i = -i. Let k(o) be the second derivative of -3*o - 2*o**2 + 1/12*o**4 + i + 5/6*o**3. Calculate k(-6).
2
Let y be (-4)/(-18) - (5 + 3728/(-72)). Let q = -50 + y. Let z(r) = r**2 + 6*r + 3. Give z(q).
-6
Let g be (11 + -23)*(2 - 3/2). Let i(p) = p**3 + 5*p**2 - 7*p + 1. Give i(g).
7
Let v = 16 + -14. Let s(a) = 0*a - a**v + 9 + 4*a + 4*a - a. Determine s(7).
9
Let u(z) = -z**2 + 12*z - 3. Let y(c) = -c**2 + c + 2. Let v(m) = u(m) - 2*y(m). Let i(d) = -2*d - 1. Let n(r) = 2*i(r) + v(r). Calculate n(-7).
-2
Let m(d) = d**2 - 7*d - 8. Let r be m(8). Suppose 42 + r = 3*g. Let w = g + -12. Let l(o) = 5*o + 2. Give l(w).
12
Let s(p) be the second derivative of -p**4/12 + 5*p**3/6 + p**2/2 + 6*p. Let d(q) = q + 9. Let h be d(-4). Calculate s(h).
1
Let m(g) be the first derivative of -17 + 1/4*g**4 - 2*g + 2*g**2 - 5/3*g**3. Calculate m(3).
-8
Let h = -19 + 81. Suppose 3*m = 4*s + 42, 0 = 5*m - 3*s - s - h. Let v = m - 12. Let n(i) = -3*i + 1. Determine n(v).
7
Suppose -99 = -21*z + 27. Let q(g) = 2*g**3 - 12*g**2 - 6*g + 8. Calculate q(z).
-28
Suppose 0 = -17*k + 22*k - 10. Suppose k*a = 6*a + 24. Let g(i) = i - 1. Give g(a).
-7
Let v(y) = y + 7. Let r = -18 - -20. Suppose -6 = 3*d - 2*l - r*l, 2*d + 2*l + 18 = 0. Give v(d).
1
Let k(o) = -7*o + 24. Let f(y) = -3*y**2 + 34*y - 76. Let g be f(8). Give k(g).
-4
Let y = 77 + -12. Let n = y - 58. Let j(h) = -h**3 + 6*h**2 + 9*h - 7. What is j(n)?
7
Let n(y) = -4*y + 3. Let j(a) = 43*a - 95*a + 51*a. Let w(g) = 5*j(g) - n(g). Let s(m) = -m**2 - 5*m + 10. Let o be s(-7). Calculate w(o).
1
Let w(p) = p**2 + 6*p - 2. Let c be w(-5). Let b(s) be the second derivative of -s**3/3 - s**2/2 + 337*s. Give b(c).
13
Suppose 0 = -11*z + 8*z - 12. Let w(p) = 2*p**2 + 5*p + 2. What is w(z)?
14
Let f be 14/35*490/(-28). Let a(l) be the third derivative of l**4/24 + 5*l**3/3 - l**2. Give a(f).
3
Let q(s) be the first derivative of -33*s**4/4 + 2*s**3/3 + s**2 + s - 62. Calculate q(-1).
34
Let p = 797 - 794. Let b(n) = n**3 - 4*n**2 - 2*n + 12. Determine b(p).
-3
Let c = -4 - -8. Suppose 4*y - 7 = -z + 2*y, -3*y = 3*z - 15. Suppose 4*m + 3 - c = -o, z*o = -4*m + 3. Let b(s) = s + 13. What is b(m)?
13
Let s(c) = c + 3*c - 283*c**2 + 36 + 282*c**2 - 37. Give s(2).
3
Let h(b) = 4*b**2 + 3*b**2 - 2*b**2. Let i be (-60)/(-14) + 6/(-21). Suppose -2*r + 8 = -i*s, r - 2 = -0. What is h(s)?
5
Let y(x) = x - 1. Let h(r) = 5*r - 17. Let v(j) = -h(j) + 6*y(j). Calculate v(-9).
2
Let q = -101 + 105. Suppose q*o - 3*k = 2*o - 12, -k + 2 = 0. Let p(m) = m**2 + 2*m + 3. Determine p(o).
6
Let i(r) be the third derivative of r**4/24 + 7*r**3/3 - 3*r**2. Let j be i(0). Suppose -2*a = -j + 2. Let h(o) = -o**3 + 5*o**2 + 7*o - 4. Calculate h(a).
2
Let z(b) = b**2 + 14*b + 9. Let g be z(-13). Let v be ((-24)/18)/((-1)/3). Let a(f) = -f**2 + v*f - 6 - 4*f - 3*f. Determine a(g).
-10
Let i(p) be the second derivative of -p**4/4 - p**3/2 + p**2 - 2*p. Let d(u) = -10*u**2 - 10*u + 7. Let b(l) = -4*d(l) + 14*i(l). Calculate b(-2).
-4
Let c(j) = -j**3 - 8*j**2 - 10*j - 7. Let k be (4 + 1 - 0) + -50. Let b be ((-4)/(-10))/(4 + 183/k). What is c(b)?
-19
Let h = 688 + -679. Let y(c) = 7*c - 56. Calculate y(h).
7
Suppose -5*w - 5*s = -115, -4*s - 115 = -0*w - 5*w. Let d(r) = w + 2*r - 19 + 8*r**2 + r**3 - 3*r**2. Calculate d(-5).
-6
Let x(p) = -p**3 - 6*p**2 + 6*p - 7. Let m be x(-7). Suppose m = -9*n + 10*n. Suppose n*k + k = -2. Let j(b) = b**3 + 2*b**2 - 2. What is j(k)?
-2
Let i(n) = 3*n**2 + 5*n + 6. Let r(m) = m**2 + 2. Let k(s) = i(s) - 6*r(s). Determine k(5).
-56
Suppose 3*d + 17 + 13 = 0. Let m(w) = -w**3 - 9*w**2 + 6*w - 8. Calculate m(d).
32
Let n = -190 - -195. Let y(l) = -l**3 + 4*l**2 + 6*l. What is y(n)?
5
Let q(w) = -w - 9. Let f(n) = 4*n + 34. Let u(d) = -2*f(d) - 9*q(d). Give u(3).
16
Let q(s) = 5 - 14*s - 1 - 1 + 12*s. Let a(i) = 6 - 10 + 3*i - 4*i. Let g be a(-8). Calculate q(g).
-5
Let q(c) = c**3 - 9*c**2 + 13*c + 5. Let u be q(7). Let b(h) = -h**3 + 2*h + 2. Give b(u).
6
Let s(y) = y**3 - y**2 + 0*y + 3*y + 4*y**2 - 2*y. Suppose 2*d - 2*b - 16 = 0, 2*d - b = -0*b + 16. Let t be ((-4)/d)/((-2)/(-8)). Determine s(t).
2
Suppose -r - 23 = -4*s, -2*s + 3*r - 1 = -0*s. Let x(u) = 0 - u - s - 4. Give x(-8).
-3
Let t(b) be the second derivative of -b**4/12 - 2*b**3/3 - b**2 - b + 530. Let g be 0 + -3*(-1 + 2). What is t(g)?
1
Suppose -6 = -2*a + 3*w + 16, -3*a - 5*w + 33 = 0. Let q(n) = n - 10. What is q(a)?
1
Let t(k) = k - 5. Let y(p) = -3. Let s(r) = -2*t(r) + 5*y(r). Let c = -585 - -590. Determine s(c).
-15
Let j(r) be the second derivative of r**6/720 - r**5/24 + r**4/4 + r. Let y(f) be the third derivative of j(f). Let h = 268 + -264. What is y(h)?
-1
Let x(q) = q**3 - 17*q**2 + 2*q - 33. Let w be x(17). Let u(c) = -3*c + 4 + 3*c - w - 2*c. Calculate u(-3).
9
Let z(i) = -i**2 - 6*i + 12. Let t(u) = 2*u**2 + 10*u - 24. Let b(q) = 4*t(q) + 9*z(q). Give b(-14).
12
Let d(y) = 3 - 2*y - 5 + 3 - 1 - 2. Determine d(3).
-8
Let w = 37 - 37. Suppose -5*h + 5 = -d + 23, w = -d + 3. Let b(r) be the third derivative of r**6/120 + r**5/12 + r**4/8 - 2*r**3/3 - 2*r**2. Give b(h).
5
Suppose 0 = 9*v + 123 - 114. Let u(f) = 39*f + 1. Give u(v).
-38
Let f(b) = -4*b**2 + 3*b + 2. Let z = 1855 - 18